 (c + -324 + (0 - 0)). What is the greatest common divisor of q and 228?
76
Suppose 0 = 4*b - 3*q - 74, 6*q - q + 61 = 3*b. Suppose v = 5*c - 11, -v + 1 = 2*c + 19. Let m = v + b. What is the greatest common factor of m and 13?
1
Let z(f) be the third derivative of -f**5/60 + 13*f**4/12 - 24*f**3 - 3*f**2 - 2. Let u be z(17). What is the greatest common divisor of 99 and u?
9
Suppose 748*x - 1024 = 740*x. What is the highest common factor of 19008 and x?
64
Let y = -417 - -783. Suppose 12*n - 6*n = y. Let x = -47 + n. Calculate the highest common divisor of 70 and x.
14
Let s be 4/(-6) - ((-387)/(-27) - 6). Let h be s + 14 - (-12)/(6 + -2). Calculate the greatest common divisor of h and 12.
4
Let h = 18365 + -17984. What is the greatest common factor of h and 11303?
127
Suppose -10*g + 4649 + 2701 = 0. Let l = g + -127. What is the greatest common divisor of 19 and l?
19
Suppose 7*k = -163 + 716. Let x = k - 40. Let y = 694 - 265. What is the greatest common divisor of y and x?
39
Let a(m) = -m**3 + 10*m**2 + 11*m - 3. Let s be a(11). Let r be s - (1 - 6/(-3)*-16). Let u be 3/(-2) + 146/4. What is the greatest common divisor of u and r?
7
Suppose 2 + 2 = -4*l. Let a(b) = -13*b - 3. Let f be a(l). Suppose 0 = -17*i + f*i + 609. What is the greatest common factor of i and 29?
29
Suppose -5*c + 529 = -2*s - 256, -3*s + 333 = 2*c. Let a = c - 146. Let t = 369 + -226. Calculate the greatest common divisor of t and a.
13
Let b be (-4 + 6)*-2 - -820. Suppose -35*d + b = -31*d. What is the greatest common divisor of 51 and d?
51
Suppose -236 = -3*p - d, 3*p - 283 + 45 = d. Let b = -55 + p. What is the highest common divisor of 132 and b?
12
Let a(u) = -u**3 - 5*u**2 + 4*u - 9. Let g be a(-5). Let o = g + 51. Let y be (-3 + o/4)*26. What is the highest common factor of 13 and y?
13
Suppose 434*o + 361 = 2965. What is the highest common factor of o and 9828?
6
Let h(b) = 5*b + 63. Let q be h(-14). Let n be q/2*1100/(-35). What is the greatest common factor of n and 165?
55
Let z(s) = 9*s - 124. Let m be z(14). Let a be m + (-6 - (-3 + -2)). Calculate the highest common divisor of a and 17.
1
Let k = -21 + 26. Let f be 111/k - (-246)/(-205). Calculate the greatest common divisor of f and 483.
21
Let f = -315 - -319. Suppose -2*r = 6, -23 = -f*v - 5*r + 70. What is the highest common divisor of 432 and v?
27
Let c be 0 - (0 + -2) - -277. Let f(z) = 167*z - 3999. Let l be f(24). Calculate the greatest common factor of l and c.
9
Let x = 1 + 10. Let b = x + 43. Suppose 2917 - 2797 = 20*q. Calculate the highest common divisor of q and b.
6
Let u(a) = 4*a**2 - 5*a + 10. Let b be u(7). Suppose 5*w = 5*x + 490, -2*x + 4*w = 42 + 158. Let d = b + x. What is the highest common factor of 30 and d?
15
Suppose -10*s = -57*s + 16685. What is the greatest common divisor of s and 10?
5
Let d be (3*3/(-27))/(2/(-276)). Suppose -2*c - 43*u = -d*u - 48, -2*c = -5*u - 44. Calculate the greatest common factor of c and 27.
27
Suppose -25 = -496*u + 501*u, -4*b + 3*u + 13695 = 0. Calculate the highest common divisor of 240 and b.
60
Let h(z) = 22*z + 507. Let b be h(-17). Calculate the highest common factor of 7 and b.
7
Suppose -1356 = -14*l + 800. Suppose -r - l = -12*r. What is the greatest common divisor of 112 and r?
14
Let i = -4464 + 4509. What is the greatest common factor of i and 735?
15
Let c be (1/(-2) + 1)*(1 - -9). Suppose -2*h = -c*s - 34, -4*h - 7 + 59 = -2*s. Let m = h + -11. Calculate the greatest common factor of m and 8.
1
Let s(b) = 158*b**2 - 31*b + 53. Let u be s(7). What is the highest common factor of 18 and u?
18
Suppose 82*m - 11057 = -4169. Let p(w) = 10*w - 24. Let u be p(8). What is the highest common divisor of m and u?
28
Let w = 4103 + -1113. Let y be (-1)/(-19)*-2 - w/(-247). What is the greatest common factor of 192 and y?
12
Suppose -7*a - 37*a = 55*a - 657558. Calculate the greatest common factor of 82 and a.
82
Let o = 448 - 18. Suppose -17*k = 26*k - o. What is the highest common divisor of k and 85?
5
Suppose 5*i - i - 200 = 0. Let z(f) = -4 - 12 - 4 - 3*f - 7*f. Let h be z(-4). What is the highest common divisor of h and i?
10
Let g = 104 - -60. Let p = g + -110. What is the highest common factor of 54 and p?
54
Let k = 16672 - 16476. Calculate the greatest common factor of 140 and k.
28
Let i be (-1970)/(-50) - (-4)/(-10). What is the highest common divisor of 39 and i?
39
Suppose 0 = -w + 3*c + 84, -2*w - 3*c = 2*w - 261. Suppose w*b = 76*b - 616. What is the highest common divisor of 11 and b?
11
Let t(o) = 2*o**3 - 7*o**2 + 7*o + 1. Let r be t(6). Let v = r - -196. Let q = 763 - v. Calculate the highest common factor of 43 and q.
43
Suppose 19*n - 250 = 234 + 2328. Calculate the highest common factor of 1258 and n.
74
Suppose -s = 2 - 11. Let i be (3/7)/((-2)/(-14)). Suppose i*p - q = 49, p - 11 + 3 = 2*q. What is the greatest common factor of p and s?
9
Let v = 26 + -10. Suppose -33*r + 158 - 26 = 0. What is the highest common divisor of v and r?
4
Let v = 14 + -9. Let t be 7/2*(0 - 24/(-14)). Let j be (t/(-24))/((-2)/40). Calculate the greatest common factor of v and j.
5
Let x = -35810 - -37043. Calculate the greatest common divisor of x and 144.
9
Let t = -158 + 156. Let n be 42*t/(-12)*22. Suppose 3*i + 2*p - 48 = 0, -2*i - 2*p = p - 37. What is the greatest common divisor of n and i?
14
Let w be 2*(-3)/14 + 384/(-84). Let k(b) = -22*b - 80. Let z be k(w). Calculate the greatest common divisor of 24 and z.
6
Suppose 0 = -5*y + 18 + 12. Let c be y/36 + -11*43/(-6). Let h = -68 + c. Calculate the greatest common divisor of h and 44.
11
Suppose 3*c - 52 = 11. Let j(v) = -v**3 + 17*v**2 - 12*v - 50. Let g = -293 - -309. Let x be j(g). What is the highest common factor of x and c?
7
Let a be 4/(-14) - 2010/70. Let z = a - -94. Calculate the greatest common divisor of 13 and z.
13
Suppose 3046*l - 272 = 3030*l. What is the greatest common factor of l and 35003?
17
Let c(t) = -37*t - 3. Let a be c(-1). Let f = -32 + a. Let g be 64 + f/(2 - 0). Calculate the highest common factor of 13 and g.
13
Let t(j) = j**2 + 75*j - 8166. Let g be t(61). Suppose -2*w + 780 = 3*w. Calculate the highest common divisor of g and w.
26
Let a be (-7 + -41)/(-2 + 0). Let x be (a/10)/((-6)/(-20)). Calculate the highest common divisor of 232 and x.
8
Let m be (-10)/(-35) - (-131)/7. Suppose 0 = 8*y - 340 - 116. What is the highest common divisor of m and y?
19
Suppose -4*p = -4*t + 820, 4*t - 3*p = -594 + 1411. Suppose -2*k + t = -n, 4*k - 408 = -0*n + 4*n. Calculate the greatest common divisor of 20 and k.
20
Let g = 422 + -387. Let r = 2 - 4. Let s = g + r. What is the greatest common factor of 22 and s?
11
Suppose -215 = 3*m - w, 4*m - m + 3*w = -207. Let v = -47 - m. Let g(u) = -50*u + 156. Let z be g(3). What is the greatest common factor of z and v?
6
Let p be (-7)/(-3) - (-10)/15. Let l(s) = 8*s - 3*s - 4*s - p. Let z be l(7). Calculate the greatest common divisor of 28 and z.
4
Suppose -115 = -3*j + 3*o - 10, 0 = 3*j + 5*o - 89. Let w = -13 - -24. Calculate the greatest common factor of w and j.
11
Let m = 59 + -56. Suppose 4*g + 20 = 5*y, -2*y + 2*g - 9 = -3*g. Suppose 0 = 13*f - y*f - 105. What is the greatest common divisor of m and f?
3
Suppose -19*g + q = -23*g + 33, 5*g + 3*q - 36 = 0. Suppose 160 = -g*z + 205. Calculate the highest common divisor of z and 185.
5
Let d(j) = 408*j - 1992. Let q be d(5). What is the highest common divisor of q and 441?
3
Let o(t) = -4*t - 2. Let u = -20 + 18. Let j be o(u). Suppose 0 = 4*k - 2 - j. What is the greatest common factor of 14 and k?
2
Suppose 73 = 2*k + 3*h, 0 = -3*k - 3*h + 8*h + 62. Suppose -z + 106 + 412 = 3*g, 4*g - 716 = 5*z. Calculate the highest common factor of k and g.
29
Let m(i) = i**2 + i - 18. Let x be m(0). Let l = x + 28. Suppose 13*p - 84 + 32 = 0. What is the highest common divisor of l and p?
2
Let t(l) be the first derivative of -l**2 + 4*l - 21. Let s be t(-4). Let p be (5 + -2)/(-6 - -7). Calculate the greatest common factor of p and s.
3
Let p = -89 + 92. Suppose -2*x + 0*x + p*f = -99, 4*x + 5*f = 143. Calculate the highest common factor of x and 280.
14
Let z = 32877 + -32742. Calculate the greatest common divisor of z and 5049.
27
Suppose -3*d + 293 = -5*i, 3*d + 3*i =